 - (-4 + (-6 - -13))?
-13
Calculate -5 - (-6 + -11 + (26 - 18)).
4
What is 27 - -12 - (-85 + 5 + -20)?
139
Calculate 6 + (82 + (-5 - 95) - (78 - 1)).
-89
59 + (908 - 886 - (-1 - -30))
52
What is the value of (-57 - -1) + (193 - (-118 + 300))?
-45
Calculate -101 - 2 - (-32 + 0 + -2179 + 2190).
-82
Evaluate -3 + -29 - (-24 + (16 - 1) - -2).
-25
What is 156 - (22 - 0 - (-43 + 78 + -31))?
138
What is (5526 - 5590) + 19 + (0 - -1)?
-44
Evaluate 106 - ((99 - 46) + 31 + -49).
71
34 + (47 - (-9 - -86))
4
42 - -14 - 46 - -15
25
What is the value of -4 + 15 + -56 + 18 + (-7 - 6)?
-40
What is the value of (35 - 78) + (3 - -32)?
-8
Calculate (63 - -34) + (11 + 33 - 35).
106
Evaluate -100 + 9 + 166 + -14.
61
What is 38 + (-50 - -9) - (-11 - (1 - -3))?
12
-1 + -1 + (-137 - -7) + 1383 + -1382
-131
What is the value of 6 - (-254 - -238 - (-1 - 21))?
0
What is (-1 - 21) + (-2302 - -2367)?
43
Calculate 67 + -47 + -8 + 1 + -2 + 0 + -89.
-78
What is -10 - (6 + -14 + 11 + -10 + (-2 - -6))?
-7
Evaluate 84 + 19 + -62 + 9.
50
Evaluate -31 - (0 + 32 + -51).
-12
Calculate (0 - -28 - (121 + -114)) + 21.
42
Evaluate -2 - -41 - (-1194 - -1194).
39
Evaluate -5 - (-58 + 186 + -105).
-28
Evaluate 117 - (69 - 42) - 53.
37
Evaluate 8 + 4 + -5 + 125 + (-15 - -3).
120
52 + -3 + -2 + (5 - -3 - (-146 - -168))
33
Calculate -7 + 4 + 3 - (152 - 148).
-4
Evaluate (49 - 71) + 24 + 19.
21
What is the value of (26 - -71) + (-233 - -29)?
-107
10 - (0 - 14 - (69 + -137))
-44
What is (7 + -4 - (-1 - 1 - -10)) + (139 - 130)?
4
Evaluate -97 + 128 - 0 - 122.
-91
(-1 - -21 - (32 - (-55 - -79))) + -59
-47
What is -8 + -109 + 116 + -2 + (-42 - -1)?
-44
What is the value of -13 - 40 - ((3 + 2 - 4 - -3) + 0)?
-57
What is -5 + 8 + -6 + 7 - (114 - 83)?
-27
What is -22 + -21 + -82 + -9 + 39?
-95
What is -4 - (5 - -1) - (-24 + -63 - -9)?
68
What is 51 + -45 - -30 - 27?
9
What is 31053 - 31073 - (1 + -2 - -24)?
-43
Calculate (-2 - 43 - -9) + (-25 - -22) + (6 - 3).
-36
What is 49 + (5 - (-7 + -10 + 4 + 11))?
56
What is the value of -49 + (-9 - -10) + 23 - (21 + -15)?
-31
What is -4 + 0 + 7 + (-247 - -247) + (-1 - 1)?
1
50 + 80 + -183 - -133
80
(5 - -6) + (-4 + 3 + 3 + -5 - 53)
-45
What is the value of 226 - 228 - (0 - (-10 + 3 + -2)) - 2?
-13
Evaluate 14 - ((14 - 41) + 50 - (0 + 15)).
6
15 + (20 - 15) - 10 - 37
-27
What is (10 - 4) + (-85 + 141 - (5 - 16))?
73
Calculate -52 + 109 - (-49 - -144).
-38
Calculate -74 - -71 - (-8 - -1) - (-9 - (-80 + -5)).
-72
Calculate -7 + 28 + (-42 - (-24 - 34)).
37
What is the value of -2 + -48 + (125 - 51)?
24
What is the value of 72 + (5 - 19) + 19 + 3?
80
Evaluate (-6 - (1 - -2)) + -32.
-41
-25 - ((22 - (-30 + 32)) + -103)
58
What is the value of -419 + 374 + -4 + (-1 - -3) + -4 + 0?
-51
Evaluate 17 + (0 - 0) - (-20 + (-64 - -111)).
-10
What is 81 + -38 + 9 + (11 - -5)?
68
What is (31 + -1 - (-605 + 629)) + -2 + (1 - -30)?
35
33 - (47 - -40) - (-3 - 1)
-50
What is the value of (-53 - (-71 + 6) - ((-1 - -7) + 1)) + 1?
6
12 - -14 - (-13 - (-2 - (-2 + 5)))
34
What is the value of 0 + 1 + 200 + -164?
37
Calculate -15 + (46 - -10) + -5 + -17.
19
Evaluate 5 - (-51 + -1 + 27 + -17).
47
5 - -12 - (-23 + (-26 - -58) + -100)
108
Evaluate (-7 - -63) + -545 + 443.
-46
Evaluate (-9 + 8 - 33) + (62 - 77) - 15.
-64
-64 + 15 - -14 - (27 + -36 + -7)
-19
-62 - (-70 + 7) - 11
-10
Evaluate -88 - -109 - (1 - 11) - (-4 + 4).
31
What is 60 - (20 - 36 - -18 - (0 - 13))?
45
What is the value of 6 - (-7 - -12) - (-13 + -47 + 1)?
60
15 + (-21 - (-19 + -10 - -3))
20
Evaluate 690 + -708 - (-21 - (6 + 4 + -9)).
4
Calculate 20 + -44 + -2 + (-8 - -9).
-25
(36 - -36) + -160 + 61
-27
What is 113 - 1 - (32 - 27 - 5) - 1?
111
What is the value of -45 + 208 - (0 - -23 - (10 + -3))?
147
What is -93 + (106 - 87) + 91?
17
Calculate (-2 - (-1 + 13)) + (-18 - (89 - 42 - 3)).
-76
Evaluate -9 - (156 + -75 + (15 - -1) - 12).
-94
What is the value of 22 + -1 + 940 + -953 - (0 - -26)?
-18
469 - 468 - ((5 - 1) + -18 + 2 + 0)
13
0 + 0 - ((21 + 3 - 26) + -27 + 32)
-3
(12 + -5 - -10) + (10 - 22) + 6
11
Calculate -23 + 31 + 48 - (-13 - 12).
81
What is the value of 9 + (3 - -1) + -51 + (0 - -7)?
-31
-12 + 9 - (32 + -26 - (-2 - -83))
72
What is the value of -12 + 14 + 0 + -8 + 19 + (0 - -6)?
19
Evaluate -1 - -12 - (-226 + 127 + (-3 + -2 - -18)).
97
What is 1 - (3 + -20 - -13 - -1) - -73?
77
Calculate (8 - -8) + -14 + -7 - 38.
-43
Calculate 13 + 7 + (0 - -4) + (106 - 120) - 97.
-87
What is (-55 - (-32 + -34)) + 42 + 1?
54
Evaluate -326 + 162 + 162 - (8 - (3 - 1)).
-8
What is the value of 0 - 38 - (708 + -683) - (-3 + (14 - 3))?
-71
Calculate 93 + (220 - 230 - ((8 - (6 + 0)) + 0)).
81
Evaluate 1 + (-255 - -244) + (8 + 0 - (6 - 4)).
-4
Calculate 32 - -1 - ((-22 - -3) + -4 + 32).
24
-6 + (-8 - -24 - 18)
-8
Evaluate (157 + -95 - 41) + (42 - 1).
62
Calculate -1 + 29 + -45 - (-21 + 66).
-62
What is the value of -3 + 2 + (-1 + 1 - (50 + -57))?
6
What is -16 + -2 + (51 - (20 + 24)) + 117?
106
What is the value of -69 - (-15 - -27 - 69)?
-12
Calculate -17 + (-1 - 10 - (-452 - -355)).
69
Evaluate 15142 + -15217 + (2 + 0 - -14).
-59
What is the value of -63 - (-6 - (-9 + 6 - (65 - 56)))?
-69
What is (-99 + (30 - -89) - (9 - (-2 - -1))) + -2?
8
-3 + (-18 - (8 - (23 + 20)))
14
-79 + -6 - (663 - 737)
-11
0 - -3 - ((85 - 51) + -21 + 70)
-80
Calculate -4 + -15 + (61 - 7).
35
What is 167 + -200 + 0 + 3 + -6 + 0 + -7?
-43
Calculate -39 + 11 + -50 + 2.
-76
Calculate 27 + (-100 - (52 - 97)).
-28
What is the value of 39 + (-14 - (-4 - -13) - -12 - 2)?
26
(-9 - (27 + -41)) + (-51 - (1 - (2 + -5)))
-50
What is the value of 32 - 12 - (56 - (37 - 14) - -40)?
-53
Evaluate 22 + (2 - 6) + -7 - (1 + 29 + -5).
-14
What is 203 - (-20 - -123) - 178?
-78
52 + 1 + 2 + 3 + -21 + 11 + -5
43
What is 24 - (2 - -18) - (-2 - 2 - 27)?
35
What is -8 + 22 + 16 + -58?
-28
-1 + -72 + (-5685 - -5738)
-20
What is the value of -85 - -96 - (4 + (-6 - -3) + 76)?
-66
Calculate -44 + 31 + 17 - (-4 + 0 + (84 - 18)).
-58
What is 24 + -23 + -27 + 15?
-11
Calculate (-53 - -37) + 27 + (12 - 0).
23
(18 - (-17 + -4 - -7)) + 30
62
Calculate 1 + -4 - (-38 - (-44 + 3 - 10)).
-16
Calculate (154 - 250) + 102 + (0 - -1 - -7) + 7.
21
What is the value of (10 - (7 + -1)) + 30 - (70 + -65)?
29
-21 - ((-26 - -51) + -72)
26
What is the value of -5 + (-19 - (-20 + 8)) + 8?
-4
Calculate -36 - (-39 + (61 - 25)).
-33
What is (108 - 105) + (1 - (4 + 0 - 57))?
57
What is the value of -1 - 4 - 12 - (34 - 31) - -7?
-13
Evaluate -2 + (6 - 12) + (-5 - -10) + 17 + 1.
15
Evaluate 26 - 9 - (111 + -142).
48
147 + (-25 - 84) + -1 + 13 + 0
50
Calculate 4 + 10 - (594 + -552).
-28
Evaluate 1 + 25 - 51 - (1 + 20).
-46
Evaluate -140 - -160 - (54 + 3).
-37
10 + (2 - 1) + 0 + 19 + -24 + 22
28
Evaluate 36 + (-16 + 40 - 16) + (-1 - 0).
43
What is the value of -87 + 129 + 8 - (-50 - 4)?
104
Evaluate (39 + 13 - 55) + -21.
-24
106 + -38 - 61 - (-17 + -1)
25
Calculate 69 + (-11 - (-18 - -9 - 1 - -15)).
53
83 + (41 - 82) + -67 + (-2 - -1)
-26
Calculate (37 - -7) + -6 + (3 - (-7 + 15 + -2)).
35
Evaluate -86 + 46 - (1 - (27 - 4)) - 39.
-57
(3 - (-22 - 0)) + (89 - 22 - 65)
27
-10 + (-7 - 33 - -46)
-4
Evaluate (1 - -34) + (32 - (-66 - -100)).
33
Evaluate 14 + 6 + (26 - 53) + (6 - 3) + 30.
26
Calculate (21 - (2 + 26)) + 1 + 39.
33
(-40 - -149 - 1) + -122
-14
What is -15 - (-10 + (14 - (75 - (11 + 0))))?
45
Calculate -91 + (-27 - -57) + (1 - -4).
-56
Evaluate (-2 - -2 - -27) + -2719 + 2688.
-4
What is the value of 98 - (139 + -236 - -111)?
84
What is the value of 32 + -10 + (19 - 17 - -7)?
31
What is the value of (-79 - -8) + 2 + -2 + (17 - -3) + -10?
-61
17 + (-1 + -6 - -16) + -5 + 63
84
What is the value of 85 + 2 + (4455 - 4524)?
18
What is -7 - -28 - (-1 + -6 + -19 + -9)?
56
What is -2 + -2 + -2 - (60 + (9 - 5 - 5))?
-65
Calculate 117 + -91 + 4 + 1 + -2 + 8.
37
(33 - (-16 + 36)) + (8 + -14 - 7)
0
-18 + (-2 - -63) + 9 + (-1 - (-4 + 4))
51
Calculate (29 + 27 - 48) + 62.
70
Calculate 0 + (-2 + 7 - ((9 - -5) + 0)) - -6.
-3
What is 0 + -8 + -26 - (1 + (-18 - (-5 + -1)))?
-23
What is the value of 17 - (-13 + (23 - 7) - (-23 - -3))?
-6
Evaluate (46 - 23) + -14 + 14 + -61.
-38
What is the value of (59 - 31) + (58 - 63)?
23
Calculate -2 - -14 - (155 + -141) - -5 - (2 - -32).
-31
What is -17 + 3 + -7 + 15 + 5 - 11?
-12
10 + (-